{"id":10111,"date":"2019-05-09T16:43:16","date_gmt":"2019-05-09T14:43:16","guid":{"rendered":"https:\/\/www.motoco.fr\/residents\/le-reverbere-2\/"},"modified":"2026-02-24T11:04:34","modified_gmt":"2026-02-24T10:04:34","slug":"le-reverbere","status":"publish","type":"resident","link":"https:\/\/www.motoco.fr\/en\/residents\/le-reverbere\/","title":{"rendered":"Le R\u00e9verb\u00e8re"},"content":{"rendered":"<p data-start=\"0\" data-end=\"251\">Le R\u00e9verb\u00e8re is a space dedicated to photography\u2014a place for developing and connecting all skills related to the image. It provides access to professional equipment and studio spaces, offers educational workshops, and leads collaborative projects.<\/p>\n<h3 data-start=\"253\" data-end=\"284\">An open space for everyone:<\/h3>\n<ul data-start=\"286\" data-end=\"696\">\n<li data-start=\"286\" data-end=\"416\">\n<p data-start=\"288\" data-end=\"416\">Visual arts professionals and advanced amateurs seeking infrastructure, equipment, or specific guidance related to photography<\/p>\n<\/li>\n<li data-start=\"417\" data-end=\"507\">\n<p data-start=\"419\" data-end=\"507\">Individuals and families wishing to discover photography or strengthen their knowledge<\/p>\n<\/li>\n<li data-start=\"508\" data-end=\"619\">\n<p data-start=\"510\" data-end=\"619\">Educational, cultural, and leisure institutions looking to offer complementary workshops to their audiences<\/p>\n<\/li>\n<li data-start=\"620\" data-end=\"696\">\n<p data-start=\"622\" data-end=\"696\">Companies seeking to strengthen team cohesion through creative workshops<\/p>\n<\/li>\n<\/ul>\n<p data-start=\"698\" data-end=\"798\">A space conceived and developed by two photographers who wish to share and transmit their expertise.<\/p>\n<h2>Career<\/h2>\n<div class=\"flex flex-col text-sm pb-25\">\n<article class=\"text-token-text-primary w-full focus:outline-none [--shadow-height:45px] has-data-writing-block:pointer-events-none has-data-writing-block:-mt-(--shadow-height) has-data-writing-block:pt-(--shadow-height) [&amp;:has([data-writing-block])&gt;*]:pointer-events-auto scroll-mt-[calc(var(--header-height)+min(200px,max(70px,20svh)))]\" dir=\"auto\" tabindex=\"-1\" data-turn-id=\"request-WEB:5ad152dc-0966-4b5c-b2e5-5604315838a1-78\" data-testid=\"conversation-turn-156\" data-scroll-anchor=\"true\" data-turn=\"assistant\">\n<div class=\"text-base my-auto mx-auto pb-10 [--thread-content-margin:--spacing(4)] @w-sm\/main:[--thread-content-margin:--spacing(6)] @w-lg\/main:[--thread-content-margin:--spacing(16)] px-(--thread-content-margin)\">\n<div class=\"[--thread-content-max-width:40rem] @w-lg\/main:[--thread-content-max-width:48rem] mx-auto max-w-(--thread-content-max-width) flex-1 group\/turn-messages focus-visible:outline-hidden relative flex w-full min-w-0 flex-col agent-turn\" tabindex=\"-1\">\n<div class=\"flex max-w-full flex-col grow\">\n<div class=\"min-h-8 text-message relative flex w-full flex-col items-end gap-2 text-start break-words whitespace-normal [.text-message+&amp;]:mt-1\" dir=\"auto\" data-message-author-role=\"assistant\" data-message-id=\"0b48907c-0887-442e-955d-9317f69cb3eb\" data-message-model-slug=\"gpt-5-2\">\n<div class=\"flex w-full flex-col gap-1 empty:hidden first:pt-[1px]\">\n<div class=\"markdown prose dark:prose-invert w-full wrap-break-word dark markdown-new-styling\">\n<p data-start=\"823\" data-end=\"1323\"><strong data-start=\"823\" data-end=\"841\">Laurent Weigel<\/strong><br data-start=\"841\" data-end=\"844\" \/>Has worked as an advertising photographer since 1998. After founding the Galerie Hors-Champs in Mulhouse in 2011, he refocused his activity on the production and distribution of artists\u2019 fine art prints, in partnership with La Chambre, Photographes en Alsace, Mulhouse Art Contemporain, and the Mulhouse Biennale of Photography. His activity became firmly established and expanded at Motoco from 2015 onward, alongside numerous educational workshops for adults and school groups.<\/p>\n<p data-start=\"1325\" data-end=\"1600\" data-is-last-node=\"\" data-is-only-node=\"\"><strong data-start=\"1325\" data-end=\"1342\">Sophie Weigel<\/strong><br data-start=\"1342\" data-end=\"1345\" \/>From 1998 to 2014, worked as an advertising photographer within a furniture company group. Since its creation, she has been involved in the activities of the Hors-Champs studio and gallery, and since 2014 has led educational workshops for young audiences.<\/p>\n<\/div>\n<\/div>\n<\/div>\n<\/div>\n<\/div>\n<\/div>\n<\/article>\n<\/div>\n","protected":false},"excerpt":{"rendered":"<p>Le R\u00e9verb\u00e8re is a space dedicated to photography\u2014a place for developing and connecting all skills related to the image. It provides access to professional equipment and studio spaces, offers educational [&hellip;]<\/p>\n","protected":false},"featured_media":1416,"template":"","class_list":["post-10111","resident","type-resident","status-publish","has-post-thumbnail","hentry","wp-sticky"],"acf":[],"yoast_head":"<!-- This site is optimized with the Yoast SEO plugin v27.4 - https:\/\/yoast.com\/product\/yoast-seo-wordpress\/ -->\n<title>Le R\u00e9verb\u00e8re<\/title>\n<meta name=\"robots\" content=\"index, follow, max-snippet:-1, max-image-preview:large, max-video-preview:-1\" \/>\n<link rel=\"canonical\" href=\"https:\/\/www.motoco.fr\/en\/residents\/le-reverbere\/\" \/>\n<meta property=\"og:locale\" content=\"en_US\" \/>\n<meta property=\"og:type\" content=\"article\" \/>\n<meta property=\"og:title\" content=\"Le R\u00e9verb\u00e8re\" \/>\n<meta property=\"og:description\" content=\"Le R\u00e9verb\u00e8re is a space dedicated to photography\u2014a place for developing and connecting all skills related to the image. It provides access to professional equipment and studio spaces, offers educational [&hellip;]\" \/>\n<meta property=\"og:url\" content=\"https:\/\/www.motoco.fr\/en\/residents\/le-reverbere\/\" \/>\n<meta property=\"og:site_name\" content=\"motoco\" \/>\n<meta property=\"article:publisher\" content=\"https:\/\/www.facebook.com\/pg\/motocoandco\" \/>\n<meta property=\"article:modified_time\" content=\"2026-02-24T10:04:34+00:00\" \/>\n<meta property=\"og:image\" content=\"https:\/\/www.motoco.fr\/wp-inside\/uploads\/2019\/05\/lereverbere_nostronches.jpg\" \/>\n\t<meta property=\"og:image:width\" content=\"402\" \/>\n\t<meta property=\"og:image:height\" content=\"661\" \/>\n\t<meta property=\"og:image:type\" content=\"image\/jpeg\" \/>\n<meta name=\"twitter:card\" content=\"summary_large_image\" \/>\n<meta name=\"twitter:label1\" content=\"Est. reading time\" \/>\n\t<meta name=\"twitter:data1\" content=\"1 minute\" \/>\n<script type=\"application\/ld+json\" class=\"yoast-schema-graph\">{\"@context\":\"https:\\\/\\\/schema.org\",\"@graph\":[{\"@type\":\"WebPage\",\"@id\":\"https:\\\/\\\/www.motoco.fr\\\/en\\\/residents\\\/le-reverbere\\\/\",\"url\":\"https:\\\/\\\/www.motoco.fr\\\/en\\\/residents\\\/le-reverbere\\\/\",\"name\":\"Le R\u00e9verb\u00e8re\",\"isPartOf\":{\"@id\":\"https:\\\/\\\/www.motoco.fr\\\/en\\\/#website\"},\"primaryImageOfPage\":{\"@id\":\"https:\\\/\\\/www.motoco.fr\\\/en\\\/residents\\\/le-reverbere\\\/#primaryimage\"},\"image\":{\"@id\":\"https:\\\/\\\/www.motoco.fr\\\/en\\\/residents\\\/le-reverbere\\\/#primaryimage\"},\"thumbnailUrl\":\"https:\\\/\\\/www.motoco.fr\\\/wp-inside\\\/uploads\\\/2019\\\/05\\\/lereverbere_nostronches.jpg\",\"datePublished\":\"2019-05-09T14:43:16+00:00\",\"dateModified\":\"2026-02-24T10:04:34+00:00\",\"breadcrumb\":{\"@id\":\"https:\\\/\\\/www.motoco.fr\\\/en\\\/residents\\\/le-reverbere\\\/#breadcrumb\"},\"inLanguage\":\"en-US\",\"potentialAction\":[{\"@type\":\"ReadAction\",\"target\":[\"https:\\\/\\\/www.motoco.fr\\\/en\\\/residents\\\/le-reverbere\\\/\"]}]},{\"@type\":\"ImageObject\",\"inLanguage\":\"en-US\",\"@id\":\"https:\\\/\\\/www.motoco.fr\\\/en\\\/residents\\\/le-reverbere\\\/#primaryimage\",\"url\":\"https:\\\/\\\/www.motoco.fr\\\/wp-inside\\\/uploads\\\/2019\\\/05\\\/lereverbere_nostronches.jpg\",\"contentUrl\":\"https:\\\/\\\/www.motoco.fr\\\/wp-inside\\\/uploads\\\/2019\\\/05\\\/lereverbere_nostronches.jpg\",\"width\":402,\"height\":661},{\"@type\":\"BreadcrumbList\",\"@id\":\"https:\\\/\\\/www.motoco.fr\\\/en\\\/residents\\\/le-reverbere\\\/#breadcrumb\",\"itemListElement\":[{\"@type\":\"ListItem\",\"position\":1,\"name\":\"Home\",\"item\":\"https:\\\/\\\/www.motoco.fr\\\/en\\\/\"},{\"@type\":\"ListItem\",\"position\":2,\"name\":\"Residents\",\"item\":\"https:\\\/\\\/www.motoco.fr\\\/en\\\/residents\\\/\"},{\"@type\":\"ListItem\",\"position\":3,\"name\":\"Le R\u00e9verb\u00e8re\"}]},{\"@type\":\"WebSite\",\"@id\":\"https:\\\/\\\/www.motoco.fr\\\/en\\\/#website\",\"url\":\"https:\\\/\\\/www.motoco.fr\\\/en\\\/\",\"name\":\"motoco\",\"description\":\"More to come\",\"potentialAction\":[{\"@type\":\"SearchAction\",\"target\":{\"@type\":\"EntryPoint\",\"urlTemplate\":\"https:\\\/\\\/www.motoco.fr\\\/en\\\/?s={search_term_string}\"},\"query-input\":{\"@type\":\"PropertyValueSpecification\",\"valueRequired\":true,\"valueName\":\"search_term_string\"}}],\"inLanguage\":\"en-US\"}]}<\/script>\n<!-- \/ Yoast SEO plugin. -->","yoast_head_json":{"title":"Le R\u00e9verb\u00e8re","robots":{"index":"index","follow":"follow","max-snippet":"max-snippet:-1","max-image-preview":"max-image-preview:large","max-video-preview":"max-video-preview:-1"},"canonical":"https:\/\/www.motoco.fr\/en\/residents\/le-reverbere\/","og_locale":"en_US","og_type":"article","og_title":"Le R\u00e9verb\u00e8re","og_description":"Le R\u00e9verb\u00e8re is a space dedicated to photography\u2014a place for developing and connecting all skills related to the image. It provides access to professional equipment and studio spaces, offers educational [&hellip;]","og_url":"https:\/\/www.motoco.fr\/en\/residents\/le-reverbere\/","og_site_name":"motoco","article_publisher":"https:\/\/www.facebook.com\/pg\/motocoandco","article_modified_time":"2026-02-24T10:04:34+00:00","og_image":[{"width":402,"height":661,"url":"https:\/\/www.motoco.fr\/wp-inside\/uploads\/2019\/05\/lereverbere_nostronches.jpg","type":"image\/jpeg"}],"twitter_card":"summary_large_image","twitter_misc":{"Est. reading time":"1 minute"},"schema":{"@context":"https:\/\/schema.org","@graph":[{"@type":"WebPage","@id":"https:\/\/www.motoco.fr\/en\/residents\/le-reverbere\/","url":"https:\/\/www.motoco.fr\/en\/residents\/le-reverbere\/","name":"Le R\u00e9verb\u00e8re","isPartOf":{"@id":"https:\/\/www.motoco.fr\/en\/#website"},"primaryImageOfPage":{"@id":"https:\/\/www.motoco.fr\/en\/residents\/le-reverbere\/#primaryimage"},"image":{"@id":"https:\/\/www.motoco.fr\/en\/residents\/le-reverbere\/#primaryimage"},"thumbnailUrl":"https:\/\/www.motoco.fr\/wp-inside\/uploads\/2019\/05\/lereverbere_nostronches.jpg","datePublished":"2019-05-09T14:43:16+00:00","dateModified":"2026-02-24T10:04:34+00:00","breadcrumb":{"@id":"https:\/\/www.motoco.fr\/en\/residents\/le-reverbere\/#breadcrumb"},"inLanguage":"en-US","potentialAction":[{"@type":"ReadAction","target":["https:\/\/www.motoco.fr\/en\/residents\/le-reverbere\/"]}]},{"@type":"ImageObject","inLanguage":"en-US","@id":"https:\/\/www.motoco.fr\/en\/residents\/le-reverbere\/#primaryimage","url":"https:\/\/www.motoco.fr\/wp-inside\/uploads\/2019\/05\/lereverbere_nostronches.jpg","contentUrl":"https:\/\/www.motoco.fr\/wp-inside\/uploads\/2019\/05\/lereverbere_nostronches.jpg","width":402,"height":661},{"@type":"BreadcrumbList","@id":"https:\/\/www.motoco.fr\/en\/residents\/le-reverbere\/#breadcrumb","itemListElement":[{"@type":"ListItem","position":1,"name":"Home","item":"https:\/\/www.motoco.fr\/en\/"},{"@type":"ListItem","position":2,"name":"Residents","item":"https:\/\/www.motoco.fr\/en\/residents\/"},{"@type":"ListItem","position":3,"name":"Le R\u00e9verb\u00e8re"}]},{"@type":"WebSite","@id":"https:\/\/www.motoco.fr\/en\/#website","url":"https:\/\/www.motoco.fr\/en\/","name":"motoco","description":"More to come","potentialAction":[{"@type":"SearchAction","target":{"@type":"EntryPoint","urlTemplate":"https:\/\/www.motoco.fr\/en\/?s={search_term_string}"},"query-input":{"@type":"PropertyValueSpecification","valueRequired":true,"valueName":"search_term_string"}}],"inLanguage":"en-US"}]}},"_links":{"self":[{"href":"https:\/\/www.motoco.fr\/en\/wp-json\/wp\/v2\/resident\/10111","targetHints":{"allow":["GET"]}}],"collection":[{"href":"https:\/\/www.motoco.fr\/en\/wp-json\/wp\/v2\/resident"}],"about":[{"href":"https:\/\/www.motoco.fr\/en\/wp-json\/wp\/v2\/types\/resident"}],"version-history":[{"count":2,"href":"https:\/\/www.motoco.fr\/en\/wp-json\/wp\/v2\/resident\/10111\/revisions"}],"predecessor-version":[{"id":10113,"href":"https:\/\/www.motoco.fr\/en\/wp-json\/wp\/v2\/resident\/10111\/revisions\/10113"}],"wp:featuredmedia":[{"embeddable":true,"href":"https:\/\/www.motoco.fr\/en\/wp-json\/wp\/v2\/media\/1416"}],"wp:attachment":[{"href":"https:\/\/www.motoco.fr\/en\/wp-json\/wp\/v2\/media?parent=10111"}],"curies":[{"name":"wp","href":"https:\/\/api.w.org\/{rel}","templated":true}]}}

Le Réverbère

<p data-start="0" data-end="251">Le Réverbère is a space dedicated to photography—a place for developing and connecting all skills related to the image. It provides access to professional equipment and studio spaces, offers educational workshops, and leads collaborative projects.</p>
<h3 data-start="253" data-end="284">An open space for everyone:</h3>
<ul data-start="286" data-end="696">
<li data-start="286" data-end="416">
<p data-start="288" data-end="416">Visual arts professionals and advanced amateurs seeking infrastructure, equipment, or specific guidance related to photography</p>
</li>
<li data-start="417" data-end="507">
<p data-start="419" data-end="507">Individuals and families wishing to discover photography or strengthen their knowledge</p>
</li>
<li data-start="508" data-end="619">
<p data-start="510" data-end="619">Educational, cultural, and leisure institutions looking to offer complementary workshops to their audiences</p>
</li>
<li data-start="620" data-end="696">
<p data-start="622" data-end="696">Companies seeking to strengthen team cohesion through creative workshops</p>
</li>
</ul>
<p data-start="698" data-end="798">A space conceived and developed by two photographers who wish to share and transmit their expertise.</p>
<h2>Career</h2>
<div class="flex flex-col text-sm pb-25">
<article class="text-token-text-primary w-full focus:outline-none [--shadow-height:45px] has-data-writing-block:pointer-events-none has-data-writing-block:-mt-(--shadow-height) has-data-writing-block:pt-(--shadow-height) [&amp;:has([data-writing-block])&gt;*]:pointer-events-auto scroll-mt-[calc(var(--header-height)+min(200px,max(70px,20svh)))]" dir="auto" tabindex="-1" data-turn-id="request-WEB:5ad152dc-0966-4b5c-b2e5-5604315838a1-78" data-testid="conversation-turn-156" data-scroll-anchor="true" data-turn="assistant">
<div class="text-base my-auto mx-auto pb-10 [--thread-content-margin:--spacing(4)] @w-sm/main:[--thread-content-margin:--spacing(6)] @w-lg/main:[--thread-content-margin:--spacing(16)] px-(--thread-content-margin)">
<div class="[--thread-content-max-width:40rem] @w-lg/main:[--thread-content-max-width:48rem] mx-auto max-w-(--thread-content-max-width) flex-1 group/turn-messages focus-visible:outline-hidden relative flex w-full min-w-0 flex-col agent-turn" tabindex="-1">
<div class="flex max-w-full flex-col grow">
<div class="min-h-8 text-message relative flex w-full flex-col items-end gap-2 text-start break-words whitespace-normal [.text-message+&amp;]:mt-1" dir="auto" data-message-author-role="assistant" data-message-id="0b48907c-0887-442e-955d-9317f69cb3eb" data-message-model-slug="gpt-5-2">
<div class="flex w-full flex-col gap-1 empty:hidden first:pt-[1px]">
<div class="markdown prose dark:prose-invert w-full wrap-break-word dark markdown-new-styling">
<p data-start="823" data-end="1323"><strong data-start="823" data-end="841">Laurent Weigel</strong><br data-start="841" data-end="844" />Has worked as an advertising photographer since 1998. After founding the Galerie Hors-Champs in Mulhouse in 2011, he refocused his activity on the production and distribution of artists’ fine art prints, in partnership with La Chambre, Photographes en Alsace, Mulhouse Art Contemporain, and the Mulhouse Biennale of Photography. His activity became firmly established and expanded at Motoco from 2015 onward, alongside numerous educational workshops for adults and school groups.</p>
<p data-start="1325" data-end="1600" data-is-last-node="" data-is-only-node=""><strong data-start="1325" data-end="1342">Sophie Weigel</strong><br data-start="1342" data-end="1345" />From 1998 to 2014, worked as an advertising photographer within a furniture company group. Since its creation, she has been involved in the activities of the Hors-Champs studio and gallery, and since 2014 has led educational workshops for young audiences.</p>
</div>
</div>
</div>
</div>
</div>
</div>
</article>
</div>

<p>Le Réverbère is a space dedicated to photography—a place for developing and connecting all skills related to the image. It provides access to professional equipment and studio spaces, offers educational [&hellip;]</p>

<!-- This site is optimized with the Yoast SEO plugin v27.4 - https://yoast.com/product/yoast-seo-wordpress/ -->
<title>Le Réverbère</title>
<meta name="robots" content="index, follow, max-snippet:-1, max-image-preview:large, max-video-preview:-1" />
<link rel="canonical" href="https://www.motoco.fr/en/residents/le-reverbere/" />
<meta property="og:locale" content="en_US" />
<meta property="og:type" content="article" />
<meta property="og:title" content="Le Réverbère" />
<meta property="og:description" content="Le Réverbère is a space dedicated to photography—a place for developing and connecting all skills related to the image. It provides access to professional equipment and studio spaces, offers educational [&hellip;]" />
<meta property="og:url" content="https://www.motoco.fr/en/residents/le-reverbere/" />
<meta property="og:site_name" content="motoco" />
<meta property="article:publisher" content="https://www.facebook.com/pg/motocoandco" />
<meta property="article:modified_time" content="2026-02-24T10:04:34+00:00" />
<meta property="og:image" content="https://www.motoco.fr/wp-inside/uploads/2019/05/lereverbere_nostronches.jpg" />
	<meta property="og:image:width" content="402" />
	<meta property="og:image:height" content="661" />
	<meta property="og:image:type" content="image/jpeg" />
<meta name="twitter:card" content="summary_large_image" />
<meta name="twitter:label1" content="Est. reading time" />
	<meta name="twitter:data1" content="1 minute" />
<script type="application/ld+json" class="yoast-schema-graph">{"@context":"https:\/\/schema.org","@graph":[{"@type":"WebPage","@id":"https:\/\/www.motoco.fr\/en\/residents\/le-reverbere\/","url":"https:\/\/www.motoco.fr\/en\/residents\/le-reverbere\/","name":"Le Réverbère","isPartOf":{"@id":"https:\/\/www.motoco.fr\/en\/#website"},"primaryImageOfPage":{"@id":"https:\/\/www.motoco.fr\/en\/residents\/le-reverbere\/#primaryimage"},"image":{"@id":"https:\/\/www.motoco.fr\/en\/residents\/le-reverbere\/#primaryimage"},"thumbnailUrl":"https:\/\/www.motoco.fr\/wp-inside\/uploads\/2019\/05\/lereverbere_nostronches.jpg","datePublished":"2019-05-09T14:43:16+00:00","dateModified":"2026-02-24T10:04:34+00:00","breadcrumb":{"@id":"https:\/\/www.motoco.fr\/en\/residents\/le-reverbere\/#breadcrumb"},"inLanguage":"en-US","potentialAction":[{"@type":"ReadAction","target":["https:\/\/www.motoco.fr\/en\/residents\/le-reverbere\/"]}]},{"@type":"ImageObject","inLanguage":"en-US","@id":"https:\/\/www.motoco.fr\/en\/residents\/le-reverbere\/#primaryimage","url":"https:\/\/www.motoco.fr\/wp-inside\/uploads\/2019\/05\/lereverbere_nostronches.jpg","contentUrl":"https:\/\/www.motoco.fr\/wp-inside\/uploads\/2019\/05\/lereverbere_nostronches.jpg","width":402,"height":661},{"@type":"BreadcrumbList","@id":"https:\/\/www.motoco.fr\/en\/residents\/le-reverbere\/#breadcrumb","itemListElement":[{"@type":"ListItem","position":1,"name":"Home","item":"https:\/\/www.motoco.fr\/en\/"},{"@type":"ListItem","position":2,"name":"Residents","item":"https:\/\/www.motoco.fr\/en\/residents\/"},{"@type":"ListItem","position":3,"name":"Le Réverbère"}]},{"@type":"WebSite","@id":"https:\/\/www.motoco.fr\/en\/#website","url":"https:\/\/www.motoco.fr\/en\/","name":"motoco","description":"More to come","potentialAction":[{"@type":"SearchAction","target":{"@type":"EntryPoint","urlTemplate":"https:\/\/www.motoco.fr\/en\/?s={search_term_string}"},"query-input":{"@type":"PropertyValueSpecification","valueRequired":true,"valueName":"search_term_string"}}],"inLanguage":"en-US"}]}</script>
<!-- / Yoast SEO plugin. -->

Le Réverbère is a space dedicated to photography—a place for developing and connecting all skills related to the image. It provides access to professional equipment and studio spaces, offers educational [&hellip;]
