{"id":10064,"date":"2025-02-14T10:44:44","date_gmt":"2025-02-14T09:44:44","guid":{"rendered":"https:\/\/www.motoco.fr\/residents\/jeanne-taste-2\/"},"modified":"2026-02-24T10:09:43","modified_gmt":"2026-02-24T09:09:43","slug":"jeanne-taste","status":"publish","type":"resident","link":"https:\/\/www.motoco.fr\/en\/residents\/jeanne-taste\/","title":{"rendered":"Jeanne Tast\u00e9"},"content":{"rendered":"<p data-start=\"0\" data-end=\"104\">Born in 1999, Jeanne Tast\u00e9 graduated from the Haute \u00c9cole des Arts du Rhin (HEAR Mulhouse) in June 2024.<\/p>\n<p style=\"font-weight: 400;\">&#8212;&#8212;&#8212;&#8212;&#8212;&#8212;&#8212;&#8212;&#8212;&#8212;&#8212;&#8212;&#8212;&#8212;&#8212;&#8212;&#8212;&#8212;&#8212;&#8212;&#8212;<\/p>\n<p data-start=\"111\" data-end=\"234\">My visual practice revolves around various media (photography, oil painting, drawing, and writing) that question the image.<\/p>\n<p data-start=\"236\" data-end=\"733\">I work with fragmented forms drawn from details of my everyday environment\u2014most often urban, colorful, and fairly banal (for example, a car rearview mirror). These elements are photographed with my smartphone during daily wanderings. The tight framing creates a distance from the original object and its primary function. It becomes material for thought, an \u201cimaginary texture of the real*.\u201d Each detail is then translated into different formats (small, medium, large) through painting or drawing.<\/p>\n<p data-start=\"735\" data-end=\"1152\">Each produced image is considered a self-contained entity, like a frozen, floating moment. It is not so much the representation of the image that interests me, but what it generates in terms of forms, light, colors, projections, sensations, and imaginaries in the viewer. The question of perception\u2014and its plurality through processes of translation linked to the choice of medium\u2014is also something I seek to explore.<\/p>\n<p data-start=\"1154\" data-end=\"1362\">The juxtaposition of multiple images and paintings during exhibition allows me to create resonances between different moments through formal correspondences, thus generating a new visual and poetic wandering.<\/p>\n<p data-start=\"1364\" data-end=\"1440\">*MERLEAU-PONTY, Maurice, <em data-start=\"1389\" data-end=\"1408\">L\u2019\u0152il et l\u2019Esprit<\/em>, Gallimard, Paris, 1985, p. 24.<\/p>\n<p style=\"font-weight: 400;\"><span style=\"font-size: inherit;\">&#8212;&#8212;&#8212;&#8212;&#8212;&#8212;&#8212;&#8212;&#8212;&#8212;&#8212;&#8212;&#8212;&#8212;&#8212;&#8212;&#8212;&#8212;&#8212;&#8212;&#8212;<\/span><\/p>\n<p style=\"font-weight: 400;\">Exhibitions (2024):<\/p>\n<p data-start=\"1471\" data-end=\"1525\"><em data-start=\"1471\" data-end=\"1482\">Art\/Corps<\/em>, Le S\u00e9choir (20.09\u201320.10.2024), Mulhouse<\/p>\n<p data-start=\"1527\" data-end=\"1618\">Mulhouse Photography Biennial (BPM), <em data-start=\"1564\" data-end=\"1584\">Mondes Impossibles<\/em>, 6th edition (13.09\u201313.10.2024)<\/p>\n<p data-start=\"1620\" data-end=\"1683\"><em data-start=\"1620\" data-end=\"1636\">Ouvrir le lieu<\/em> (21.06.2024), Synagogue of Dornach, Mulhouse<\/p>\n<p data-start=\"1685\" data-end=\"1772\">Group exhibition <em data-start=\"1702\" data-end=\"1726\">Un essaim dans l\u2019orage<\/em> (17.01\u201320.01.2024), La Kunsthalle, Mulhouse<\/p>\n<p style=\"font-weight: 400;\">&#8212;&#8212;&#8212;&#8212;&#8212;&#8212;&#8212;&#8212;&#8212;&#8212;&#8212;&#8212;&#8212;&#8212;&#8212;&#8212;&#8212;&#8212;&#8212;&#8212;&#8212;<\/p>\n<p data-start=\"1808\" data-end=\"1881\"><em data-start=\"1808\" data-end=\"1818\">Photo credits<\/em><\/p>\n<p data-start=\"1808\" data-end=\"1881\"><em data-start=\"1808\" data-end=\"1818\">Untitled<\/em>, oil on canvas, 152 \u00d7 14 cm, 2024. Photo credit: Ji Pyo Hong<\/p>\n<p data-start=\"1808\" data-end=\"1881\"><em data-start=\"1885\" data-end=\"1897\">Travers\u00e9es<\/em>, oil on canvas, diptych, 232 \u00d7 90 cm, 2024. Photo credit: Aim\u00e9e Le Bri\u00e9ro<\/p>\n<p data-start=\"1977\" data-end=\"2028\"><em data-start=\"1977\" data-end=\"1987\">Portrait<\/em>. Photo credit: Tobias Canales and HEAR<\/p>\n<p data-start=\"2032\" data-end=\"2099\" data-is-last-node=\"\">Graduation installation view, June 2024. Photo credit: Jeanne Tast\u00e9<\/p>\n","protected":false},"excerpt":{"rendered":"<p>Born in 1999, Jeanne Tast\u00e9 graduated from the Haute \u00c9cole des Arts du Rhin (HEAR Mulhouse) in June 2024. &#8212;&#8212;&#8212;&#8212;&#8212;&#8212;&#8212;&#8212;&#8212;&#8212;&#8212;&#8212;&#8212;&#8212;&#8212;&#8212;&#8212;&#8212;&#8212;&#8212;&#8212; My visual practice revolves around various media (photography, oil painting, [&hellip;]<\/p>\n","protected":false},"featured_media":9287,"template":"","class_list":["post-10064","resident","type-resident","status-publish","has-post-thumbnail","hentry","wp-sticky"],"acf":[],"yoast_head":"<!-- This site is optimized with the Yoast SEO plugin v27.4 - https:\/\/yoast.com\/product\/yoast-seo-wordpress\/ -->\n<title>Jeanne Tast\u00e9<\/title>\n<meta name=\"robots\" content=\"index, follow, max-snippet:-1, max-image-preview:large, max-video-preview:-1\" \/>\n<link rel=\"canonical\" href=\"https:\/\/www.motoco.fr\/en\/residents\/jeanne-taste\/\" \/>\n<meta property=\"og:locale\" content=\"en_US\" \/>\n<meta property=\"og:type\" content=\"article\" \/>\n<meta property=\"og:title\" content=\"Jeanne Tast\u00e9\" \/>\n<meta property=\"og:description\" content=\"Born in 1999, Jeanne Tast\u00e9 graduated from the Haute \u00c9cole des Arts du Rhin (HEAR Mulhouse) in June 2024. &#8212;&#8212;&#8212;&#8212;&#8212;&#8212;&#8212;&#8212;&#8212;&#8212;&#8212;&#8212;&#8212;&#8212;&#8212;&#8212;&#8212;&#8212;&#8212;&#8212;&#8212; My visual practice revolves around various media (photography, oil painting, [&hellip;]\" \/>\n<meta property=\"og:url\" content=\"https:\/\/www.motoco.fr\/en\/residents\/jeanne-taste\/\" \/>\n<meta property=\"og:site_name\" content=\"motoco\" \/>\n<meta property=\"article:publisher\" content=\"https:\/\/www.facebook.com\/pg\/motocoandco\" \/>\n<meta property=\"article:modified_time\" content=\"2026-02-24T09:09:43+00:00\" \/>\n<meta property=\"og:image\" content=\"https:\/\/www.motoco.fr\/wp-inside\/uploads\/2025\/02\/portrait_credit-photo-tobias-canales-et-hear-e1739202441575.jpg\" \/>\n\t<meta property=\"og:image:width\" content=\"347\" \/>\n\t<meta property=\"og:image:height\" content=\"380\" \/>\n\t<meta property=\"og:image:type\" content=\"image\/jpeg\" \/>\n<meta name=\"twitter:card\" content=\"summary_large_image\" \/>\n<meta name=\"twitter:label1\" content=\"Est. reading time\" \/>\n\t<meta name=\"twitter:data1\" content=\"1 minute\" \/>\n<script type=\"application\/ld+json\" class=\"yoast-schema-graph\">{\"@context\":\"https:\\\/\\\/schema.org\",\"@graph\":[{\"@type\":\"WebPage\",\"@id\":\"https:\\\/\\\/www.motoco.fr\\\/en\\\/residents\\\/jeanne-taste\\\/\",\"url\":\"https:\\\/\\\/www.motoco.fr\\\/en\\\/residents\\\/jeanne-taste\\\/\",\"name\":\"Jeanne Tast\u00e9\",\"isPartOf\":{\"@id\":\"https:\\\/\\\/www.motoco.fr\\\/en\\\/#website\"},\"primaryImageOfPage\":{\"@id\":\"https:\\\/\\\/www.motoco.fr\\\/en\\\/residents\\\/jeanne-taste\\\/#primaryimage\"},\"image\":{\"@id\":\"https:\\\/\\\/www.motoco.fr\\\/en\\\/residents\\\/jeanne-taste\\\/#primaryimage\"},\"thumbnailUrl\":\"https:\\\/\\\/www.motoco.fr\\\/wp-inside\\\/uploads\\\/2025\\\/02\\\/portrait_credit-photo-tobias-canales-et-hear-e1739202441575.jpg\",\"datePublished\":\"2025-02-14T09:44:44+00:00\",\"dateModified\":\"2026-02-24T09:09:43+00:00\",\"breadcrumb\":{\"@id\":\"https:\\\/\\\/www.motoco.fr\\\/en\\\/residents\\\/jeanne-taste\\\/#breadcrumb\"},\"inLanguage\":\"en-US\",\"potentialAction\":[{\"@type\":\"ReadAction\",\"target\":[\"https:\\\/\\\/www.motoco.fr\\\/en\\\/residents\\\/jeanne-taste\\\/\"]}]},{\"@type\":\"ImageObject\",\"inLanguage\":\"en-US\",\"@id\":\"https:\\\/\\\/www.motoco.fr\\\/en\\\/residents\\\/jeanne-taste\\\/#primaryimage\",\"url\":\"https:\\\/\\\/www.motoco.fr\\\/wp-inside\\\/uploads\\\/2025\\\/02\\\/portrait_credit-photo-tobias-canales-et-hear-e1739202441575.jpg\",\"contentUrl\":\"https:\\\/\\\/www.motoco.fr\\\/wp-inside\\\/uploads\\\/2025\\\/02\\\/portrait_credit-photo-tobias-canales-et-hear-e1739202441575.jpg\",\"width\":347,\"height\":380,\"caption\":\"credit-photo-tobias-canales-et-hear\"},{\"@type\":\"BreadcrumbList\",\"@id\":\"https:\\\/\\\/www.motoco.fr\\\/en\\\/residents\\\/jeanne-taste\\\/#breadcrumb\",\"itemListElement\":[{\"@type\":\"ListItem\",\"position\":1,\"name\":\"Home\",\"item\":\"https:\\\/\\\/www.motoco.fr\\\/en\\\/\"},{\"@type\":\"ListItem\",\"position\":2,\"name\":\"Residents\",\"item\":\"https:\\\/\\\/www.motoco.fr\\\/en\\\/residents\\\/\"},{\"@type\":\"ListItem\",\"position\":3,\"name\":\"Jeanne Tast\u00e9\"}]},{\"@type\":\"WebSite\",\"@id\":\"https:\\\/\\\/www.motoco.fr\\\/en\\\/#website\",\"url\":\"https:\\\/\\\/www.motoco.fr\\\/en\\\/\",\"name\":\"motoco\",\"description\":\"More to come\",\"potentialAction\":[{\"@type\":\"SearchAction\",\"target\":{\"@type\":\"EntryPoint\",\"urlTemplate\":\"https:\\\/\\\/www.motoco.fr\\\/en\\\/?s={search_term_string}\"},\"query-input\":{\"@type\":\"PropertyValueSpecification\",\"valueRequired\":true,\"valueName\":\"search_term_string\"}}],\"inLanguage\":\"en-US\"}]}<\/script>\n<!-- \/ Yoast SEO plugin. -->","yoast_head_json":{"title":"Jeanne Tast\u00e9","robots":{"index":"index","follow":"follow","max-snippet":"max-snippet:-1","max-image-preview":"max-image-preview:large","max-video-preview":"max-video-preview:-1"},"canonical":"https:\/\/www.motoco.fr\/en\/residents\/jeanne-taste\/","og_locale":"en_US","og_type":"article","og_title":"Jeanne Tast\u00e9","og_description":"Born in 1999, Jeanne Tast\u00e9 graduated from the Haute \u00c9cole des Arts du Rhin (HEAR Mulhouse) in June 2024. &#8212;&#8212;&#8212;&#8212;&#8212;&#8212;&#8212;&#8212;&#8212;&#8212;&#8212;&#8212;&#8212;&#8212;&#8212;&#8212;&#8212;&#8212;&#8212;&#8212;&#8212; My visual practice revolves around various media (photography, oil painting, [&hellip;]","og_url":"https:\/\/www.motoco.fr\/en\/residents\/jeanne-taste\/","og_site_name":"motoco","article_publisher":"https:\/\/www.facebook.com\/pg\/motocoandco","article_modified_time":"2026-02-24T09:09:43+00:00","og_image":[{"width":347,"height":380,"url":"https:\/\/www.motoco.fr\/wp-inside\/uploads\/2025\/02\/portrait_credit-photo-tobias-canales-et-hear-e1739202441575.jpg","type":"image\/jpeg"}],"twitter_card":"summary_large_image","twitter_misc":{"Est. reading time":"1 minute"},"schema":{"@context":"https:\/\/schema.org","@graph":[{"@type":"WebPage","@id":"https:\/\/www.motoco.fr\/en\/residents\/jeanne-taste\/","url":"https:\/\/www.motoco.fr\/en\/residents\/jeanne-taste\/","name":"Jeanne Tast\u00e9","isPartOf":{"@id":"https:\/\/www.motoco.fr\/en\/#website"},"primaryImageOfPage":{"@id":"https:\/\/www.motoco.fr\/en\/residents\/jeanne-taste\/#primaryimage"},"image":{"@id":"https:\/\/www.motoco.fr\/en\/residents\/jeanne-taste\/#primaryimage"},"thumbnailUrl":"https:\/\/www.motoco.fr\/wp-inside\/uploads\/2025\/02\/portrait_credit-photo-tobias-canales-et-hear-e1739202441575.jpg","datePublished":"2025-02-14T09:44:44+00:00","dateModified":"2026-02-24T09:09:43+00:00","breadcrumb":{"@id":"https:\/\/www.motoco.fr\/en\/residents\/jeanne-taste\/#breadcrumb"},"inLanguage":"en-US","potentialAction":[{"@type":"ReadAction","target":["https:\/\/www.motoco.fr\/en\/residents\/jeanne-taste\/"]}]},{"@type":"ImageObject","inLanguage":"en-US","@id":"https:\/\/www.motoco.fr\/en\/residents\/jeanne-taste\/#primaryimage","url":"https:\/\/www.motoco.fr\/wp-inside\/uploads\/2025\/02\/portrait_credit-photo-tobias-canales-et-hear-e1739202441575.jpg","contentUrl":"https:\/\/www.motoco.fr\/wp-inside\/uploads\/2025\/02\/portrait_credit-photo-tobias-canales-et-hear-e1739202441575.jpg","width":347,"height":380,"caption":"credit-photo-tobias-canales-et-hear"},{"@type":"BreadcrumbList","@id":"https:\/\/www.motoco.fr\/en\/residents\/jeanne-taste\/#breadcrumb","itemListElement":[{"@type":"ListItem","position":1,"name":"Home","item":"https:\/\/www.motoco.fr\/en\/"},{"@type":"ListItem","position":2,"name":"Residents","item":"https:\/\/www.motoco.fr\/en\/residents\/"},{"@type":"ListItem","position":3,"name":"Jeanne Tast\u00e9"}]},{"@type":"WebSite","@id":"https:\/\/www.motoco.fr\/en\/#website","url":"https:\/\/www.motoco.fr\/en\/","name":"motoco","description":"More to come","potentialAction":[{"@type":"SearchAction","target":{"@type":"EntryPoint","urlTemplate":"https:\/\/www.motoco.fr\/en\/?s={search_term_string}"},"query-input":{"@type":"PropertyValueSpecification","valueRequired":true,"valueName":"search_term_string"}}],"inLanguage":"en-US"}]}},"_links":{"self":[{"href":"https:\/\/www.motoco.fr\/en\/wp-json\/wp\/v2\/resident\/10064","targetHints":{"allow":["GET"]}}],"collection":[{"href":"https:\/\/www.motoco.fr\/en\/wp-json\/wp\/v2\/resident"}],"about":[{"href":"https:\/\/www.motoco.fr\/en\/wp-json\/wp\/v2\/types\/resident"}],"version-history":[{"count":2,"href":"https:\/\/www.motoco.fr\/en\/wp-json\/wp\/v2\/resident\/10064\/revisions"}],"predecessor-version":[{"id":10066,"href":"https:\/\/www.motoco.fr\/en\/wp-json\/wp\/v2\/resident\/10064\/revisions\/10066"}],"wp:featuredmedia":[{"embeddable":true,"href":"https:\/\/www.motoco.fr\/en\/wp-json\/wp\/v2\/media\/9287"}],"wp:attachment":[{"href":"https:\/\/www.motoco.fr\/en\/wp-json\/wp\/v2\/media?parent=10064"}],"curies":[{"name":"wp","href":"https:\/\/api.w.org\/{rel}","templated":true}]}}

Jeanne Tasté

<p data-start="0" data-end="104">Born in 1999, Jeanne Tasté graduated from the Haute École des Arts du Rhin (HEAR Mulhouse) in June 2024.</p>
<p style="font-weight: 400;">&#8212;&#8212;&#8212;&#8212;&#8212;&#8212;&#8212;&#8212;&#8212;&#8212;&#8212;&#8212;&#8212;&#8212;&#8212;&#8212;&#8212;&#8212;&#8212;&#8212;&#8212;</p>
<p data-start="111" data-end="234">My visual practice revolves around various media (photography, oil painting, drawing, and writing) that question the image.</p>
<p data-start="236" data-end="733">I work with fragmented forms drawn from details of my everyday environment—most often urban, colorful, and fairly banal (for example, a car rearview mirror). These elements are photographed with my smartphone during daily wanderings. The tight framing creates a distance from the original object and its primary function. It becomes material for thought, an “imaginary texture of the real*.” Each detail is then translated into different formats (small, medium, large) through painting or drawing.</p>
<p data-start="735" data-end="1152">Each produced image is considered a self-contained entity, like a frozen, floating moment. It is not so much the representation of the image that interests me, but what it generates in terms of forms, light, colors, projections, sensations, and imaginaries in the viewer. The question of perception—and its plurality through processes of translation linked to the choice of medium—is also something I seek to explore.</p>
<p data-start="1154" data-end="1362">The juxtaposition of multiple images and paintings during exhibition allows me to create resonances between different moments through formal correspondences, thus generating a new visual and poetic wandering.</p>
<p data-start="1364" data-end="1440">*MERLEAU-PONTY, Maurice, <em data-start="1389" data-end="1408">L’Œil et l’Esprit</em>, Gallimard, Paris, 1985, p. 24.</p>
<p style="font-weight: 400;"><span style="font-size: inherit;">&#8212;&#8212;&#8212;&#8212;&#8212;&#8212;&#8212;&#8212;&#8212;&#8212;&#8212;&#8212;&#8212;&#8212;&#8212;&#8212;&#8212;&#8212;&#8212;&#8212;&#8212;</span></p>
<p style="font-weight: 400;">Exhibitions (2024):</p>
<p data-start="1471" data-end="1525"><em data-start="1471" data-end="1482">Art/Corps</em>, Le Séchoir (20.09–20.10.2024), Mulhouse</p>
<p data-start="1527" data-end="1618">Mulhouse Photography Biennial (BPM), <em data-start="1564" data-end="1584">Mondes Impossibles</em>, 6th edition (13.09–13.10.2024)</p>
<p data-start="1620" data-end="1683"><em data-start="1620" data-end="1636">Ouvrir le lieu</em> (21.06.2024), Synagogue of Dornach, Mulhouse</p>
<p data-start="1685" data-end="1772">Group exhibition <em data-start="1702" data-end="1726">Un essaim dans l’orage</em> (17.01–20.01.2024), La Kunsthalle, Mulhouse</p>
<p style="font-weight: 400;">&#8212;&#8212;&#8212;&#8212;&#8212;&#8212;&#8212;&#8212;&#8212;&#8212;&#8212;&#8212;&#8212;&#8212;&#8212;&#8212;&#8212;&#8212;&#8212;&#8212;&#8212;</p>
<p data-start="1808" data-end="1881"><em data-start="1808" data-end="1818">Photo credits</em></p>
<p data-start="1808" data-end="1881"><em data-start="1808" data-end="1818">Untitled</em>, oil on canvas, 152 × 14 cm, 2024. Photo credit: Ji Pyo Hong</p>
<p data-start="1808" data-end="1881"><em data-start="1885" data-end="1897">Traversées</em>, oil on canvas, diptych, 232 × 90 cm, 2024. Photo credit: Aimée Le Briéro</p>
<p data-start="1977" data-end="2028"><em data-start="1977" data-end="1987">Portrait</em>. Photo credit: Tobias Canales and HEAR</p>
<p data-start="2032" data-end="2099" data-is-last-node="">Graduation installation view, June 2024. Photo credit: Jeanne Tasté</p>

<p>Born in 1999, Jeanne Tasté graduated from the Haute École des Arts du Rhin (HEAR Mulhouse) in June 2024. &#8212;&#8212;&#8212;&#8212;&#8212;&#8212;&#8212;&#8212;&#8212;&#8212;&#8212;&#8212;&#8212;&#8212;&#8212;&#8212;&#8212;&#8212;&#8212;&#8212;&#8212; My visual practice revolves around various media (photography, oil painting, [&hellip;]</p>

<!-- This site is optimized with the Yoast SEO plugin v27.4 - https://yoast.com/product/yoast-seo-wordpress/ -->
<title>Jeanne Tasté</title>
<meta name="robots" content="index, follow, max-snippet:-1, max-image-preview:large, max-video-preview:-1" />
<link rel="canonical" href="https://www.motoco.fr/en/residents/jeanne-taste/" />
<meta property="og:locale" content="en_US" />
<meta property="og:type" content="article" />
<meta property="og:title" content="Jeanne Tasté" />
<meta property="og:description" content="Born in 1999, Jeanne Tasté graduated from the Haute École des Arts du Rhin (HEAR Mulhouse) in June 2024. &#8212;&#8212;&#8212;&#8212;&#8212;&#8212;&#8212;&#8212;&#8212;&#8212;&#8212;&#8212;&#8212;&#8212;&#8212;&#8212;&#8212;&#8212;&#8212;&#8212;&#8212; My visual practice revolves around various media (photography, oil painting, [&hellip;]" />
<meta property="og:url" content="https://www.motoco.fr/en/residents/jeanne-taste/" />
<meta property="og:site_name" content="motoco" />
<meta property="article:publisher" content="https://www.facebook.com/pg/motocoandco" />
<meta property="article:modified_time" content="2026-02-24T09:09:43+00:00" />
<meta property="og:image" content="https://www.motoco.fr/wp-inside/uploads/2025/02/portrait_credit-photo-tobias-canales-et-hear-e1739202441575.jpg" />
	<meta property="og:image:width" content="347" />
	<meta property="og:image:height" content="380" />
	<meta property="og:image:type" content="image/jpeg" />
<meta name="twitter:card" content="summary_large_image" />
<meta name="twitter:label1" content="Est. reading time" />
	<meta name="twitter:data1" content="1 minute" />
<script type="application/ld+json" class="yoast-schema-graph">{"@context":"https:\/\/schema.org","@graph":[{"@type":"WebPage","@id":"https:\/\/www.motoco.fr\/en\/residents\/jeanne-taste\/","url":"https:\/\/www.motoco.fr\/en\/residents\/jeanne-taste\/","name":"Jeanne Tasté","isPartOf":{"@id":"https:\/\/www.motoco.fr\/en\/#website"},"primaryImageOfPage":{"@id":"https:\/\/www.motoco.fr\/en\/residents\/jeanne-taste\/#primaryimage"},"image":{"@id":"https:\/\/www.motoco.fr\/en\/residents\/jeanne-taste\/#primaryimage"},"thumbnailUrl":"https:\/\/www.motoco.fr\/wp-inside\/uploads\/2025\/02\/portrait_credit-photo-tobias-canales-et-hear-e1739202441575.jpg","datePublished":"2025-02-14T09:44:44+00:00","dateModified":"2026-02-24T09:09:43+00:00","breadcrumb":{"@id":"https:\/\/www.motoco.fr\/en\/residents\/jeanne-taste\/#breadcrumb"},"inLanguage":"en-US","potentialAction":[{"@type":"ReadAction","target":["https:\/\/www.motoco.fr\/en\/residents\/jeanne-taste\/"]}]},{"@type":"ImageObject","inLanguage":"en-US","@id":"https:\/\/www.motoco.fr\/en\/residents\/jeanne-taste\/#primaryimage","url":"https:\/\/www.motoco.fr\/wp-inside\/uploads\/2025\/02\/portrait_credit-photo-tobias-canales-et-hear-e1739202441575.jpg","contentUrl":"https:\/\/www.motoco.fr\/wp-inside\/uploads\/2025\/02\/portrait_credit-photo-tobias-canales-et-hear-e1739202441575.jpg","width":347,"height":380,"caption":"credit-photo-tobias-canales-et-hear"},{"@type":"BreadcrumbList","@id":"https:\/\/www.motoco.fr\/en\/residents\/jeanne-taste\/#breadcrumb","itemListElement":[{"@type":"ListItem","position":1,"name":"Home","item":"https:\/\/www.motoco.fr\/en\/"},{"@type":"ListItem","position":2,"name":"Residents","item":"https:\/\/www.motoco.fr\/en\/residents\/"},{"@type":"ListItem","position":3,"name":"Jeanne Tasté"}]},{"@type":"WebSite","@id":"https:\/\/www.motoco.fr\/en\/#website","url":"https:\/\/www.motoco.fr\/en\/","name":"motoco","description":"More to come","potentialAction":[{"@type":"SearchAction","target":{"@type":"EntryPoint","urlTemplate":"https:\/\/www.motoco.fr\/en\/?s={search_term_string}"},"query-input":{"@type":"PropertyValueSpecification","valueRequired":true,"valueName":"search_term_string"}}],"inLanguage":"en-US"}]}</script>
<!-- / Yoast SEO plugin. -->

Born in 1999, Jeanne Tasté graduated from the Haute École des Arts du Rhin (HEAR Mulhouse) in June 2024. &#8212;&#8212;&#8212;&#8212;&#8212;&#8212;&#8212;&#8212;&#8212;&#8212;&#8212;&#8212;&#8212;&#8212;&#8212;&#8212;&#8212;&#8212;&#8212;&#8212;&#8212; My visual practice revolves around various media (photography, oil painting, [&hellip;]
