{"id":10766,"date":"2026-04-21T15:38:34","date_gmt":"2026-04-21T13:38:34","guid":{"rendered":"https:\/\/www.motoco.fr\/evenements\/printemps-du-tango\/"},"modified":"2026-04-21T15:41:38","modified_gmt":"2026-04-21T13:41:38","slug":"printemps-du-tango","status":"publish","type":"event","link":"https:\/\/www.motoco.fr\/en\/events\/printemps-du-tango\/","title":{"rendered":"Printemps du Tango"},"content":{"rendered":"<div class=\"et_pb_text_12 et_pb_text et_pb_bg_layout_light et_pb_module et_flex_module\">\n<div class=\"et_pb_text_inner\">\n<p data-start=\"0\" data-end=\"121\">For this 13th edition of the <strong><em data-start=\"29\" data-end=\"49\">Printemps du Tango<\/em><\/strong>, around forty established and emerging artists invite you to join them!<\/p>\n<p data-start=\"123\" data-end=\"315\">7 MILONGAS \u2013 5 GUEST DJs<br data-start=\"151\" data-end=\"154\" \/>4 MILONGAS WITH LIVE MUSIC<br data-start=\"184\" data-end=\"187\" \/>7 CONCERTS AND PERFORMANCES<br data-start=\"218\" data-end=\"221\" \/>1 DOCUMENTARY SCREENING AND DISCUSSION<br data-start=\"263\" data-end=\"266\" data-is-only-node=\"\" \/>2 MASTERCLASSES<br data-start=\"285\" data-end=\"288\" \/>2 INTRODUCTORY SESSIONS<\/p>\n<p data-start=\"317\" data-end=\"546\">The Musicians<br data-start=\"334\" data-end=\"337\" \/>Leonel Gasso, Gonzalo Gudino, Les Fleurs Noires Tango Aumentado, Vanesa Garcia, Mandy Lerouge, Laberinto Tanguero, Captain Bando, Jean-Baptiste Henry, Piazza Tango, Trio Les Fleurs Noires, and Ana Karina Rossi<\/p>\n<p data-start=\"548\" data-end=\"603\">The Maestros<br data-start=\"564\" data-end=\"567\" \/>C\u00e9dric Basso and Elo\u00efse Weiss Dubray<\/p>\n<p data-start=\"605\" data-end=\"842\">The Performances<br data-start=\"625\" data-end=\"628\" \/>\u201cFolklore Creation\u201d \u2013 Sabrina Llanos Tarragona<br data-start=\"674\" data-end=\"677\" \/>\u201cMirages of Time\u201d \u2013 Cie ESTRO (Willem Meul, Eugenia Carnevali, Fernando Ferrer)<br data-start=\"756\" data-end=\"759\" \/>H\u00e9l\u00e8ne Hardouin with dancers Ximena Zalazar Firpo, Gr\u00e9gory Bonnault, and Luis Bruni<\/p>\n<p data-start=\"844\" data-end=\"927\" data-is-last-node=\"\" data-is-only-node=\"\">Documentary Screening:<br data-start=\"870\" data-end=\"873\" \/>\u201cThe Diamond Era\u201d by Alejandro Rumolino and Luis Bruni<\/p>\n<p><a style=\"font-size: inherit; background-color: #ffffff;\" href=\"https:\/\/www.motoco.fr\/evenements\/printemps-du-tango\/attachment\/608519931_1279141967576156_3847663464691150021_n\/\" rel=\"attachment wp-att-10760\"><img decoding=\"async\" src=\"https:\/\/www.motoco.fr\/wp-inside\/uploads\/2026\/04\/608519931_1279141967576156_3847663464691150021_n.jpg\" class=\"alignnone size-full\" \/><\/a><\/p>\n<\/div>\n<\/div>\n","protected":false},"excerpt":{"rendered":"<p>For this 13th edition of the Printemps du Tango, around forty established and emerging artists invite you to join them! 7 MILONGAS \u2013 5 GUEST DJs4 MILONGAS WITH LIVE MUSIC7 [&hellip;]<\/p>\n","protected":false},"template":"","event_place":[40],"class_list":["post-10766","event","type-event","status-publish","hentry","event_place-a-motoco","wp-sticky"],"acf":[],"yoast_head":"<!-- This site is optimized with the Yoast SEO plugin v27.4 - https:\/\/yoast.com\/product\/yoast-seo-wordpress\/ -->\n<title>Printemps du Tango<\/title>\n<meta name=\"robots\" content=\"index, follow, max-snippet:-1, max-image-preview:large, max-video-preview:-1\" \/>\n<link rel=\"canonical\" href=\"https:\/\/www.motoco.fr\/en\/events\/printemps-du-tango\/\" \/>\n<meta property=\"og:locale\" content=\"en_US\" \/>\n<meta property=\"og:type\" content=\"article\" \/>\n<meta property=\"og:title\" content=\"Printemps du Tango\" \/>\n<meta property=\"og:description\" content=\"For this 13th edition of the Printemps du Tango, around forty established and emerging artists invite you to join them! 7 MILONGAS \u2013 5 GUEST DJs4 MILONGAS WITH LIVE MUSIC7 [&hellip;]\" \/>\n<meta property=\"og:url\" content=\"https:\/\/www.motoco.fr\/en\/events\/printemps-du-tango\/\" \/>\n<meta property=\"og:site_name\" content=\"motoco\" \/>\n<meta property=\"article:publisher\" content=\"https:\/\/www.facebook.com\/pg\/motocoandco\" \/>\n<meta property=\"article:modified_time\" content=\"2026-04-21T13:41:38+00:00\" \/>\n<meta property=\"og:image\" content=\"https:\/\/www.motoco.fr\/wp-inside\/uploads\/2026\/04\/608519931_1279141967576156_3847663464691150021_n.jpg\" \/>\n<meta name=\"twitter:card\" content=\"summary_large_image\" \/>\n<meta name=\"twitter:label1\" content=\"Est. reading time\" \/>\n\t<meta name=\"twitter:data1\" content=\"1 minute\" \/>\n<script type=\"application\/ld+json\" class=\"yoast-schema-graph\">{\"@context\":\"https:\\\/\\\/schema.org\",\"@graph\":[{\"@type\":\"WebPage\",\"@id\":\"https:\\\/\\\/www.motoco.fr\\\/en\\\/events\\\/printemps-du-tango\\\/\",\"url\":\"https:\\\/\\\/www.motoco.fr\\\/en\\\/events\\\/printemps-du-tango\\\/\",\"name\":\"Printemps du Tango\",\"isPartOf\":{\"@id\":\"https:\\\/\\\/www.motoco.fr\\\/en\\\/#website\"},\"primaryImageOfPage\":{\"@id\":\"https:\\\/\\\/www.motoco.fr\\\/en\\\/events\\\/printemps-du-tango\\\/#primaryimage\"},\"image\":{\"@id\":\"https:\\\/\\\/www.motoco.fr\\\/en\\\/events\\\/printemps-du-tango\\\/#primaryimage\"},\"thumbnailUrl\":\"https:\\\/\\\/www.motoco.fr\\\/wp-inside\\\/uploads\\\/2026\\\/04\\\/608519931_1279141967576156_3847663464691150021_n.jpg\",\"datePublished\":\"2026-04-21T13:38:34+00:00\",\"dateModified\":\"2026-04-21T13:41:38+00:00\",\"breadcrumb\":{\"@id\":\"https:\\\/\\\/www.motoco.fr\\\/en\\\/events\\\/printemps-du-tango\\\/#breadcrumb\"},\"inLanguage\":\"en-US\",\"potentialAction\":[{\"@type\":\"ReadAction\",\"target\":[\"https:\\\/\\\/www.motoco.fr\\\/en\\\/events\\\/printemps-du-tango\\\/\"]}]},{\"@type\":\"ImageObject\",\"inLanguage\":\"en-US\",\"@id\":\"https:\\\/\\\/www.motoco.fr\\\/en\\\/events\\\/printemps-du-tango\\\/#primaryimage\",\"url\":\"https:\\\/\\\/www.motoco.fr\\\/wp-inside\\\/uploads\\\/2026\\\/04\\\/608519931_1279141967576156_3847663464691150021_n.jpg\",\"contentUrl\":\"https:\\\/\\\/www.motoco.fr\\\/wp-inside\\\/uploads\\\/2026\\\/04\\\/608519931_1279141967576156_3847663464691150021_n.jpg\"},{\"@type\":\"BreadcrumbList\",\"@id\":\"https:\\\/\\\/www.motoco.fr\\\/en\\\/events\\\/printemps-du-tango\\\/#breadcrumb\",\"itemListElement\":[{\"@type\":\"ListItem\",\"position\":1,\"name\":\"Home\",\"item\":\"https:\\\/\\\/www.motoco.fr\\\/en\\\/\"},{\"@type\":\"ListItem\",\"position\":2,\"name\":\"Events\",\"item\":\"https:\\\/\\\/www.motoco.fr\\\/en\\\/events\\\/\"},{\"@type\":\"ListItem\",\"position\":3,\"name\":\"Printemps du Tango\"}]},{\"@type\":\"WebSite\",\"@id\":\"https:\\\/\\\/www.motoco.fr\\\/en\\\/#website\",\"url\":\"https:\\\/\\\/www.motoco.fr\\\/en\\\/\",\"name\":\"motoco\",\"description\":\"More to come\",\"potentialAction\":[{\"@type\":\"SearchAction\",\"target\":{\"@type\":\"EntryPoint\",\"urlTemplate\":\"https:\\\/\\\/www.motoco.fr\\\/en\\\/?s={search_term_string}\"},\"query-input\":{\"@type\":\"PropertyValueSpecification\",\"valueRequired\":true,\"valueName\":\"search_term_string\"}}],\"inLanguage\":\"en-US\"}]}<\/script>\n<!-- \/ Yoast SEO plugin. -->","yoast_head_json":{"title":"Printemps du Tango","robots":{"index":"index","follow":"follow","max-snippet":"max-snippet:-1","max-image-preview":"max-image-preview:large","max-video-preview":"max-video-preview:-1"},"canonical":"https:\/\/www.motoco.fr\/en\/events\/printemps-du-tango\/","og_locale":"en_US","og_type":"article","og_title":"Printemps du Tango","og_description":"For this 13th edition of the Printemps du Tango, around forty established and emerging artists invite you to join them! 7 MILONGAS \u2013 5 GUEST DJs4 MILONGAS WITH LIVE MUSIC7 [&hellip;]","og_url":"https:\/\/www.motoco.fr\/en\/events\/printemps-du-tango\/","og_site_name":"motoco","article_publisher":"https:\/\/www.facebook.com\/pg\/motocoandco","article_modified_time":"2026-04-21T13:41:38+00:00","og_image":[{"url":"https:\/\/www.motoco.fr\/wp-inside\/uploads\/2026\/04\/608519931_1279141967576156_3847663464691150021_n.jpg","type":"","width":"","height":""}],"twitter_card":"summary_large_image","twitter_misc":{"Est. reading time":"1 minute"},"schema":{"@context":"https:\/\/schema.org","@graph":[{"@type":"WebPage","@id":"https:\/\/www.motoco.fr\/en\/events\/printemps-du-tango\/","url":"https:\/\/www.motoco.fr\/en\/events\/printemps-du-tango\/","name":"Printemps du Tango","isPartOf":{"@id":"https:\/\/www.motoco.fr\/en\/#website"},"primaryImageOfPage":{"@id":"https:\/\/www.motoco.fr\/en\/events\/printemps-du-tango\/#primaryimage"},"image":{"@id":"https:\/\/www.motoco.fr\/en\/events\/printemps-du-tango\/#primaryimage"},"thumbnailUrl":"https:\/\/www.motoco.fr\/wp-inside\/uploads\/2026\/04\/608519931_1279141967576156_3847663464691150021_n.jpg","datePublished":"2026-04-21T13:38:34+00:00","dateModified":"2026-04-21T13:41:38+00:00","breadcrumb":{"@id":"https:\/\/www.motoco.fr\/en\/events\/printemps-du-tango\/#breadcrumb"},"inLanguage":"en-US","potentialAction":[{"@type":"ReadAction","target":["https:\/\/www.motoco.fr\/en\/events\/printemps-du-tango\/"]}]},{"@type":"ImageObject","inLanguage":"en-US","@id":"https:\/\/www.motoco.fr\/en\/events\/printemps-du-tango\/#primaryimage","url":"https:\/\/www.motoco.fr\/wp-inside\/uploads\/2026\/04\/608519931_1279141967576156_3847663464691150021_n.jpg","contentUrl":"https:\/\/www.motoco.fr\/wp-inside\/uploads\/2026\/04\/608519931_1279141967576156_3847663464691150021_n.jpg"},{"@type":"BreadcrumbList","@id":"https:\/\/www.motoco.fr\/en\/events\/printemps-du-tango\/#breadcrumb","itemListElement":[{"@type":"ListItem","position":1,"name":"Home","item":"https:\/\/www.motoco.fr\/en\/"},{"@type":"ListItem","position":2,"name":"Events","item":"https:\/\/www.motoco.fr\/en\/events\/"},{"@type":"ListItem","position":3,"name":"Printemps du Tango"}]},{"@type":"WebSite","@id":"https:\/\/www.motoco.fr\/en\/#website","url":"https:\/\/www.motoco.fr\/en\/","name":"motoco","description":"More to come","potentialAction":[{"@type":"SearchAction","target":{"@type":"EntryPoint","urlTemplate":"https:\/\/www.motoco.fr\/en\/?s={search_term_string}"},"query-input":{"@type":"PropertyValueSpecification","valueRequired":true,"valueName":"search_term_string"}}],"inLanguage":"en-US"}]}},"_links":{"self":[{"href":"https:\/\/www.motoco.fr\/en\/wp-json\/wp\/v2\/event\/10766","targetHints":{"allow":["GET"]}}],"collection":[{"href":"https:\/\/www.motoco.fr\/en\/wp-json\/wp\/v2\/event"}],"about":[{"href":"https:\/\/www.motoco.fr\/en\/wp-json\/wp\/v2\/types\/event"}],"version-history":[{"count":1,"href":"https:\/\/www.motoco.fr\/en\/wp-json\/wp\/v2\/event\/10766\/revisions"}],"predecessor-version":[{"id":10767,"href":"https:\/\/www.motoco.fr\/en\/wp-json\/wp\/v2\/event\/10766\/revisions\/10767"}],"wp:attachment":[{"href":"https:\/\/www.motoco.fr\/en\/wp-json\/wp\/v2\/media?parent=10766"}],"wp:term":[{"taxonomy":"event_place","embeddable":true,"href":"https:\/\/www.motoco.fr\/en\/wp-json\/wp\/v2\/event_place?post=10766"}],"curies":[{"name":"wp","href":"https:\/\/api.w.org\/{rel}","templated":true}]}}

<div class="et_pb_text_12 et_pb_text et_pb_bg_layout_light et_pb_module et_flex_module">
<div class="et_pb_text_inner">
<p data-start="0" data-end="121">For this 13th edition of the <strong><em data-start="29" data-end="49">Printemps du Tango</em></strong>, around forty established and emerging artists invite you to join them!</p>
<p data-start="123" data-end="315">7 MILONGAS – 5 GUEST DJs<br data-start="151" data-end="154" />4 MILONGAS WITH LIVE MUSIC<br data-start="184" data-end="187" />7 CONCERTS AND PERFORMANCES<br data-start="218" data-end="221" />1 DOCUMENTARY SCREENING AND DISCUSSION<br data-start="263" data-end="266" data-is-only-node="" />2 MASTERCLASSES<br data-start="285" data-end="288" />2 INTRODUCTORY SESSIONS</p>
<p data-start="317" data-end="546">The Musicians<br data-start="334" data-end="337" />Leonel Gasso, Gonzalo Gudino, Les Fleurs Noires Tango Aumentado, Vanesa Garcia, Mandy Lerouge, Laberinto Tanguero, Captain Bando, Jean-Baptiste Henry, Piazza Tango, Trio Les Fleurs Noires, and Ana Karina Rossi</p>
<p data-start="548" data-end="603">The Maestros<br data-start="564" data-end="567" />Cédric Basso and Eloïse Weiss Dubray</p>
<p data-start="605" data-end="842">The Performances<br data-start="625" data-end="628" />“Folklore Creation” – Sabrina Llanos Tarragona<br data-start="674" data-end="677" />“Mirages of Time” – Cie ESTRO (Willem Meul, Eugenia Carnevali, Fernando Ferrer)<br data-start="756" data-end="759" />Hélène Hardouin with dancers Ximena Zalazar Firpo, Grégory Bonnault, and Luis Bruni</p>
<p data-start="844" data-end="927" data-is-last-node="" data-is-only-node="">Documentary Screening:<br data-start="870" data-end="873" />“The Diamond Era” by Alejandro Rumolino and Luis Bruni</p>
<p><a style="font-size: inherit; background-color: #ffffff;" href="https://www.motoco.fr/evenements/printemps-du-tango/attachment/608519931_1279141967576156_3847663464691150021_n/" rel="attachment wp-att-10760"><img decoding="async" src="https://www.motoco.fr/wp-inside/uploads/2026/04/608519931_1279141967576156_3847663464691150021_n.jpg" class="alignnone size-full" /></a></p>
</div>
</div>
